 + 2*x. Let f = 44 + q. What is the units digit of f?
9
What is the thousands digit of -1 - -3651 - (6 + -16 - -15)?
3
Suppose -209*d = -212*d - 2*q + 6412, -3*q + 2149 = d. What is the hundreds digit of d?
1
Let v(y) = -y**3 - 15*y**2 + 14*y + 21. Let t be 790/(-50) + (-1)/5. What is the units digit of v(t)?
3
Let u = 10 + 781. What is the tens digit of u?
9
Let k = 9 + -5. Suppose 4 + 32 = -k*i. Let a = -6 - i. What is the units digit of a?
3
Let x = -7577 + 12501. What is the thousands digit of x?
4
Let k = 115 + -37. Suppose -3*d - u = -k, 4*u = -2*d - 0*u + 42. What is the tens digit of d?
2
Suppose -5*y + 923 = -327. What is the hundreds digit of y?
2
Let a(s) = s**2 - s - 4. Let j be a(3). Let i(f) = 3*f**j + 13 - 4 - 2*f**2 - 7*f. What is the units digit of i(7)?
9
Let y(p) = 3*p + 0*p + 5*p**2 - 3*p**2 - 4*p - 2. What is the units digit of y(-5)?
3
Suppose 5*c - 5393 = 5452. What is the thousands digit of c?
2
What is the hundreds digit of 30*(12/16 - (-3531)/220)?
5
Suppose v = -3*v - 5*m - 21, 4*m = -v - 19. Suppose -5 = -4*d - v. Suppose 5*j = f + 12 - d, -2*j - f + 10 = 0. What is the units digit of j?
3
Suppose 5*o = 4*p + 1680, o = 3*p + 453 - 128. What is the units digit of o?
0
Let w(k) = 26*k**3 - k**2 - 7*k + 8. What is the thousands digit of w(4)?
1
Suppose -3*t - 4*s = -25, 2*t = -3*s + 10 + 7. What is the units digit of (-1650)/(-42) - 2/t?
9
Let v = 513 + -329. Suppose -o + v = 3*o. What is the tens digit of o?
4
Suppose -4*p + 3*d = -9*p + 688, -3*p + 2*d = -428. Suppose p = -4*y + 4*c, 2*y + c = 4*y + 70. Let a = y + 54. What is the units digit of a?
9
Let x(j) = -j - 1. Let m be x(-3). Suppose -2*w = 6*h - h - 21, 24 = 4*h - m*w. Suppose -9 = -h*u - 5*t + 46, -5*t = -4*u + 71. What is the units digit of u?
4
Let l(x) = 4*x**2 + 5*x + 2. Let a be l(4). Let q be (0 + (-123)/(-6))*(-12 + 14). Let g = a - q. What is the tens digit of g?
4
Let v be (10/15)/(-2) + 4/(-6). What is the tens digit of 3*268/12*(v - -2)?
6
Let m = 72 - 67. What is the tens digit of 115 - ((-2)/m)/(2/20)?
1
Suppose 6696 = 3*q - 2*n, -2*n + 6*n - 11160 = -5*q. What is the hundreds digit of q?
2
What is the tens digit of (-4)/28 - 114984/(-63)?
2
Let y = 29 - 24. Suppose -i - y = -22. What is the units digit of i?
7
Let c(l) = 3*l**3 + 1. Let f be 1/(-4*2/(-8)). Let a be c(f). Suppose -5*b - a*q = -50, b - 1 = q - 0. What is the units digit of b?
6
Let d(g) = g**2 + 12*g - 7. Let a be d(-13). Suppose 46 = 4*z - a. What is the tens digit of z?
1
Let c(b) = 2*b + 11. Let s be c(-9). Let a = -3 - s. Suppose -2*f + 3*z + 22 = 0, 4*z + 42 = a*f - 2. What is the units digit of f?
1
Let u(l) = l**2 - 1. Let s be u(2). Suppose -2*j - 25 = 2*o - 5*o, 4*o - s*j - 35 = 0. Suppose -o*v + 72 = 2*p, -p + 3 = -2*v + 39. What is the tens digit of v?
1
Let b be -393*(-24)/27 - 8/(-12). Let p = -232 + b. What is the units digit of p?
8
Suppose 2*n - 12 = 2. Let r(i) = -2*i + 18. What is the units digit of r(n)?
4
Let r = -188 - -108. Let k = 211 + -92. Let f = k + r. What is the tens digit of f?
3
Suppose p - 33 = 3*q + 4, 105 = 5*p + 5*q. What is the tens digit of (-789)/(-15) + (-15)/p?
5
Suppose 4*j = -2*o + 2*j - 418, -4*o - 836 = -j. Let u = o - -304. What is the units digit of u?
5
Let k(n) = -n**2 - 4*n - 5. Let l be k(-4). Let g be 1/l + (-802)/(-10). Suppose g = 8*x - 3*x. What is the tens digit of x?
1
Suppose 4*u - 41 + 1 = 0. Suppose -4*n = -2*o - 20, -u = -2*n + 2*o - 6*o. Let w = 29 - n. What is the tens digit of w?
2
Let x be (-63)/(-18) + 2/4. Suppose 2*p - 25 = -2*q + p, -x*p - 20 = 0. Let f = q + -7. What is the units digit of f?
8
Let s be (-4)/(-1) - -8*(-2)/(-4). Let k be (26/(-8))/(1/(-4)). Suppose -k*n = -s*n - 95. What is the tens digit of n?
1
Let n(x) = -x + 3. Let m be n(-16). Let h = m + -14. Suppose h*p = -11 + 36. What is the units digit of p?
5
What is the units digit of -21 + 4216 + -3*4?
3
Let o = -345 + 673. What is the units digit of o?
8
What is the tens digit of ((-31924)/(-9))/4 - 74/(-333)?
8
Suppose 6*m - 2136 = -636. Let r = 422 - m. What is the hundreds digit of r?
1
Let i(l) = 75*l**2 + 2*l - 1. Let w(g) = -2*g + 1. Let n be w(0). What is the tens digit of i(n)?
7
Let k = 33 - 31. Suppose -k*z + 74 = -168. What is the hundreds digit of z?
1
Let b = 24 - 18. Suppose 2*i - 4 + 0 = 0. Suppose 0 = -i*y - y + b. What is the units digit of y?
2
Let l = 14 + 20. Suppose 5*t = -2*u - 13, -3*u + 9 + l = -5*t. Suppose -m = -u*m + 225. What is the units digit of m?
5
Let y = 28 + -58. Let f(l) = l**3 - 6*l**2 - l + 2. Let s be f(7). Let p = y + s. What is the tens digit of p?
1
Let o be (-3)/5 - (-734)/(-10). Let m(v) = 103*v**3 - v**2 + 2*v - 1. Let h be m(1). Let p = h + o. What is the tens digit of p?
2
Let n(f) = -2*f**3 + f + 4. Let b be n(-3). Let i = -29 + b. What is the units digit of i?
6
Suppose 5*f + 4*a - 15 = 6*f, -2*a + 6 = 0. What is the hundreds digit of (-203 - 2)*f/3?
2
Let n = -85 - -70. Let w be (-2)/(1*1/(-4)). Let y = w - n. What is the tens digit of y?
2
Let n = 11 + -15. Let f = n - 2. Let i(p) = -p**2 - 9*p + 8. What is the tens digit of i(f)?
2
Let s = -20 - -29. Suppose -4*h - 425 = -s*h. Suppose -h - 30 = -5*o. What is the units digit of o?
3
Let w(i) = i**3 + 9*i**2 - 11*i - 10. Let t be w(-10). Let n(l) be the first derivative of -l**3/3 - l**2/2 + 25*l + 1. What is the tens digit of n(t)?
2
Let z be 2*92/8 - (0 + 1). Let y = 133 - z. What is the hundreds digit of y?
1
Suppose -124*l - 20192 = -140*l. What is the units digit of l?
2
Suppose -2*w - 131 = -x, -3*w - 2*x + 7*x - 179 = 0. What is the hundreds digit of (-6218)/(-34) + (3 - (-196)/w)?
1
Let a(s) = s**3 - 3*s**2 - 9*s + 6. Let u be a(7). Suppose 3*c + 2*y - 119 = 0, 0 = -3*c + 3*y - y + u. Let m = c - 13. What is the tens digit of m?
3
Suppose -4*m + 6 = -2. Suppose 0 = 4*r + m*r - 1224. What is the hundreds digit of r?
2
Suppose -2*w = 2*o - 70, -7*w + 2*o = -3*w - 146. Let b = w + 16. What is the tens digit of b?
5
Let y = -20 - 4. Let p = y + 24. Suppose -3*h + 17 + 34 = p. What is the units digit of h?
7
Suppose o + 3 + 4 = 0. Let v(j) be the second derivative of -2*j**3/3 - 9*j**2/2 - 59*j. What is the tens digit of v(o)?
1
Let w = -86 + 84. What is the hundreds digit of (2/w)/(4/(-1560)*3)?
1
What is the tens digit of (-5618)/(-6) + 3*(-16)/144?
3
Let r(x) = -x**2 - 3*x + 12. Let d be r(-4). Suppose m - 2*t = 3, -4*m + d*t = 5*t - 22. What is the units digit of m?
7
Suppose 3 = 2*d - 3. Suppose 0 = -j + 5*z + 25, -3*j - 66 = d*z - 195. What is the units digit of ((-3)/1)/((-6)/j)?
0
Let j(y) = y**3 - y**2 - 1. Let r be j(0). What is the units digit of (142 - -15)*(2 + r)?
7
Let c(n) = -n**3 - 10*n - 8. Let k be c(-7). Suppose -5*f = 0, 4*x - 5*f - 16 = 6*x. What is the tens digit of 2/x + k/36?
1
Let h be ((-158)/(-4))/((-2)/(-7 - -3)). Suppose -d + 1 = 0, -4*z - 4*d = -h - 293. What is the tens digit of z?
9
Let n be ((-68)/(-28) - (-8)/14) + -3. Let i(z) = z**3 + z + 71. What is the tens digit of i(n)?
7
Let o be 2/(1*-2) - (-6472)/8. What is the tens digit of (1 - o/(-6)) + 6/18?
3
Let a(s) = s + 10 - 2 + 2 + 0*s**2 + 19*s**2. What is the tens digit of a(3)?
8
What is the hundreds digit of (-1 - 4/(-6))/(23/(-38847))?
5
Let l(d) be the first derivative of d**5/20 - 5*d**4/12 + d**3/6 + 9*d**2/2 + 4*d - 3. Let a(f) be the first derivative of l(f). What is the tens digit of a(6)?
5
Suppose 1 + 2 = -3*d. Let b = 20 + -14. Let x = b - d. What is the units digit of x?
7
Let u be 80/(-3)*(-54)/36. Suppose k - 148 = -u. What is the tens digit of k?
0
Suppose 3 - 21 = -j. Suppose -3 = -3*r - j, f - 16 = -r. Suppose -3*h + 78 = -f. What is the units digit of h?
3
Suppose 2*y + 4 = r + 4*y, -4*r + 16 = -2*y. Suppose 6*a - r*a = 36. What is the tens digit of a?
1
Let j(n) = n**2 - 6*n - 11. Let g(z) = z**3 + 6*z**2 + 8*z + 8. Let b be g(-4). Let v be j(b). Suppose v*c - 242 + 22 = 0. What is the tens digit of c?
4
Suppose 16 = 4*c - 6*m + m, -8 = -2*c + m. Suppose -4*k + c = 0, k - 17 = -3*f + 134. What is the tens digit of f?
5
Let r(b) = -b**2 + 2*b + 1. Let u be r(2). Let c(g) = -29*g**3 - 2*g**2 + 2*g - 1. Let t be c(u). Let v = t - -34. What is the units digit of v?
4
Suppose -j + 4*x = 36, -3*j + 27 = 4*x + 103. Let d = 21 - -30. Let c 